{"id":1181,"date":"2025-04-15T00:13:10","date_gmt":"2025-04-15T00:13:10","guid":{"rendered":"https:\/\/cygproyectos.cl\/?page_id=1181"},"modified":"2025-04-15T00:16:05","modified_gmt":"2025-04-15T00:16:05","slug":"blog","status":"publish","type":"page","link":"https:\/\/cygproyectos.cl\/index.php\/blog\/","title":{"rendered":"BLOG"},"content":{"rendered":"\t\t<div data-elementor-type=\"wp-page\" data-elementor-id=\"1181\" class=\"elementor elementor-1181\" data-elementor-post-type=\"page\">\n\t\t\t\t<div class=\"elementor-element elementor-element-ebe64dd e-flex e-con-boxed e-con e-parent\" data-id=\"ebe64dd\" data-element_type=\"container\" data-settings=\"{&quot;background_background&quot;:&quot;classic&quot;}\">\n\t\t\t\t\t<div class=\"e-con-inner\">\n\t\t<div class=\"elementor-element elementor-element-8e0f951 e-con-full e-flex e-con e-child\" data-id=\"8e0f951\" data-element_type=\"container\">\n\t\t\t\t<div class=\"elementor-element elementor-element-91bd56e elementor-invisible elementor-widget elementor-widget-heading\" data-id=\"91bd56e\" data-element_type=\"widget\" data-settings=\"{&quot;_animation&quot;:&quot;fadeInLeft&quot;}\" data-widget_type=\"heading.default\">\n\t\t\t\t<div class=\"elementor-widget-container\">\n\t\t\t\t\t<h2 class=\"elementor-heading-title elementor-size-default\">BLOG<\/h2>\t\t\t\t<\/div>\n\t\t\t\t<\/div>\n\t\t\t\t<div class=\"elementor-element elementor-element-901ad7b elementor-invisible elementor-widget elementor-widget-heading\" data-id=\"901ad7b\" data-element_type=\"widget\" data-settings=\"{&quot;_animation&quot;:&quot;fadeInLeft&quot;}\" data-widget_type=\"heading.default\">\n\t\t\t\t<div class=\"elementor-widget-container\">\n\t\t\t\t\t<h2 class=\"elementor-heading-title elementor-size-default\">Ent\u00e9rate de las  \u00faltimas novedades, consejos y actualizaciones sobre gesti\u00f3n y \u00e9xito <br>en proyectos de construcci\u00f3n.<\/h2>\t\t\t\t<\/div>\n\t\t\t\t<\/div>\n\t\t\t\t<\/div>\n\t\t\t\t\t<\/div>\n\t\t\t\t<\/div>\n\t\t<div class=\"elementor-element elementor-element-e87de70 e-flex e-con-boxed e-con e-parent\" data-id=\"e87de70\" data-element_type=\"container\">\n\t\t\t\t\t<div class=\"e-con-inner\">\n\t\t\t\t<div class=\"elementor-element elementor-element-39cc929 elementor-posts__hover-none elementor-grid-2 elementor-posts--align-center elementor-grid-tablet-2 elementor-grid-mobile-1 elementor-posts--thumbnail-top elementor-widget elementor-widget-posts\" data-id=\"39cc929\" data-element_type=\"widget\" data-settings=\"{&quot;cards_row_gap&quot;:{&quot;unit&quot;:&quot;px&quot;,&quot;size&quot;:80,&quot;sizes&quot;:[]},&quot;cards_row_gap_tablet&quot;:{&quot;unit&quot;:&quot;px&quot;,&quot;size&quot;:71,&quot;sizes&quot;:[]},&quot;cards_row_gap_mobile&quot;:{&quot;unit&quot;:&quot;px&quot;,&quot;size&quot;:30,&quot;sizes&quot;:[]},&quot;cards_columns&quot;:&quot;2&quot;,&quot;cards_masonry&quot;:&quot;yes&quot;,&quot;cards_columns_tablet&quot;:&quot;2&quot;,&quot;cards_columns_mobile&quot;:&quot;1&quot;}\" data-widget_type=\"posts.cards\">\n\t\t\t\t<div class=\"elementor-widget-container\">\n\t\t\t\t\t\t\t<div class=\"elementor-posts-container elementor-posts elementor-posts--skin-cards elementor-grid\" role=\"list\">\n\t\t\t\t<article class=\"elementor-post elementor-grid-item post-1537 post type-post status-publish format-standard has-post-thumbnail hentry category-uncategorized\" role=\"listitem\">\n\t\t\t<div class=\"elementor-post__card\">\n\t\t\t\t<a class=\"elementor-post__thumbnail__link\" href=\"https:\/\/cygproyectos.cl\/index.php\/2025\/12\/16\/gestion-de-obras-por-que-sigue-siendo-el-talon-de-aquiles-en-proyectos-de-retail-e-inmobiliaria\/\" tabindex=\"-1\" ><div class=\"elementor-post__thumbnail\"><img fetchpriority=\"high\" decoding=\"async\" width=\"1920\" height=\"1080\" src=\"https:\/\/cygproyectos.cl\/wp-content\/uploads\/2025\/12\/ART1.png\" class=\"attachment-full size-full wp-image-1535\" alt=\"\" srcset=\"https:\/\/cygproyectos.cl\/wp-content\/uploads\/2025\/12\/ART1.png 1920w, https:\/\/cygproyectos.cl\/wp-content\/uploads\/2025\/12\/ART1-300x169.png 300w, https:\/\/cygproyectos.cl\/wp-content\/uploads\/2025\/12\/ART1-1030x579.png 1030w, https:\/\/cygproyectos.cl\/wp-content\/uploads\/2025\/12\/ART1-768x432.png 768w, https:\/\/cygproyectos.cl\/wp-content\/uploads\/2025\/12\/ART1-1536x864.png 1536w\" sizes=\"(max-width: 1920px) 100vw, 1920px\" \/><\/div><\/a>\n\t\t\t\t<div class=\"elementor-post__text\">\n\t\t\t\t<h4 class=\"elementor-post__title\">\n\t\t\t<a href=\"https:\/\/cygproyectos.cl\/index.php\/2025\/12\/16\/gestion-de-obras-por-que-sigue-siendo-el-talon-de-aquiles-en-proyectos-de-retail-e-inmobiliaria\/\" >\n\t\t\t\tGesti\u00f3n de obras: \u00bfPor qu\u00e9 sigue siendo el tal\u00f3n de aquiles en proyectos de retail e inmobiliaria?\t\t\t<\/a>\n\t\t<\/h4>\n\t\t\t\t<div class=\"elementor-post__excerpt\">\n\t\t\t<p>En el mundo de la construcci\u00f3n, la diferencia entre un proyecto exitoso y uno que termina generando p\u00e9rdidas millonarias no est\u00e1 solo en el dise\u00f1o o en los materiales: est\u00e1 en la gesti\u00f3n de la obra. Hoy, empresas inmobiliarias y de retail enfrentan desaf\u00edos similares: \u00bfEl origen de estos problemas?<\/p>\n\t\t<\/div>\n\t\t\n\t\t<a class=\"elementor-post__read-more\" href=\"https:\/\/cygproyectos.cl\/index.php\/2025\/12\/16\/gestion-de-obras-por-que-sigue-siendo-el-talon-de-aquiles-en-proyectos-de-retail-e-inmobiliaria\/\" aria-label=\"Read more about Gesti\u00f3n de obras: \u00bfPor qu\u00e9 sigue siendo el tal\u00f3n de aquiles en proyectos de retail e inmobiliaria?\" tabindex=\"-1\" >\n\t\t\tVer m\u00e1s\t\t<\/a>\n\n\t\t\t\t<\/div>\n\t\t\t\t\t<\/div>\n\t\t<\/article>\n\t\t\t\t<article class=\"elementor-post elementor-grid-item post-1532 post type-post status-publish format-standard has-post-thumbnail hentry category-uncategorized\" role=\"listitem\">\n\t\t\t<div class=\"elementor-post__card\">\n\t\t\t\t<a class=\"elementor-post__thumbnail__link\" href=\"https:\/\/cygproyectos.cl\/index.php\/2025\/12\/16\/tecnologia-aplicada-a-la-gestion-de-obras-la-diferencia-entre-el-control-y-el-caos\/\" tabindex=\"-1\" ><div class=\"elementor-post__thumbnail\"><img decoding=\"async\" width=\"1920\" height=\"1080\" src=\"https:\/\/cygproyectos.cl\/wp-content\/uploads\/2025\/12\/ART2.png\" class=\"attachment-full size-full wp-image-1534\" alt=\"\" srcset=\"https:\/\/cygproyectos.cl\/wp-content\/uploads\/2025\/12\/ART2.png 1920w, https:\/\/cygproyectos.cl\/wp-content\/uploads\/2025\/12\/ART2-300x169.png 300w, https:\/\/cygproyectos.cl\/wp-content\/uploads\/2025\/12\/ART2-1030x579.png 1030w, https:\/\/cygproyectos.cl\/wp-content\/uploads\/2025\/12\/ART2-768x432.png 768w, https:\/\/cygproyectos.cl\/wp-content\/uploads\/2025\/12\/ART2-1536x864.png 1536w\" sizes=\"(max-width: 1920px) 100vw, 1920px\" \/><\/div><\/a>\n\t\t\t\t<div class=\"elementor-post__text\">\n\t\t\t\t<h4 class=\"elementor-post__title\">\n\t\t\t<a href=\"https:\/\/cygproyectos.cl\/index.php\/2025\/12\/16\/tecnologia-aplicada-a-la-gestion-de-obras-la-diferencia-entre-el-control-y-el-caos\/\" >\n\t\t\t\tTecnolog\u00eda aplicada a la gesti\u00f3n de obras: la diferencia entre el control y el caos\t\t\t<\/a>\n\t\t<\/h4>\n\t\t\t\t<div class=\"elementor-post__excerpt\">\n\t\t\t<p>La construcci\u00f3n avanza, pero muchas obras a\u00fan se gestionan como hace 20 a\u00f1os: sin datos, sin alertas y con decisiones tomadas sobre la marcha. Y cuando las cosas fallan, es f\u00e1cil culpar al clima, al proveedor o a \u201clos tiempos de obra\u201d. Pero la verdadera raz\u00f3n muchas veces es m\u00e1s<\/p>\n\t\t<\/div>\n\t\t\n\t\t<a class=\"elementor-post__read-more\" href=\"https:\/\/cygproyectos.cl\/index.php\/2025\/12\/16\/tecnologia-aplicada-a-la-gestion-de-obras-la-diferencia-entre-el-control-y-el-caos\/\" aria-label=\"Read more about Tecnolog\u00eda aplicada a la gesti\u00f3n de obras: la diferencia entre el control y el caos\" tabindex=\"-1\" >\n\t\t\tVer m\u00e1s\t\t<\/a>\n\n\t\t\t\t<\/div>\n\t\t\t\t\t<\/div>\n\t\t<\/article>\n\t\t\t\t<article class=\"elementor-post elementor-grid-item post-1529 post type-post status-publish format-standard has-post-thumbnail hentry category-uncategorized\" role=\"listitem\">\n\t\t\t<div class=\"elementor-post__card\">\n\t\t\t\t<a class=\"elementor-post__thumbnail__link\" href=\"https:\/\/cygproyectos.cl\/index.php\/2025\/12\/16\/gestion-inteligente-el-verdadero-ahorro-en-obras-inmobiliarias\/\" tabindex=\"-1\" ><div class=\"elementor-post__thumbnail\"><img decoding=\"async\" width=\"1920\" height=\"1080\" src=\"https:\/\/cygproyectos.cl\/wp-content\/uploads\/2025\/12\/PORTADA-ARTICULO-1.png\" class=\"attachment-full size-full wp-image-1530\" alt=\"\" srcset=\"https:\/\/cygproyectos.cl\/wp-content\/uploads\/2025\/12\/PORTADA-ARTICULO-1.png 1920w, https:\/\/cygproyectos.cl\/wp-content\/uploads\/2025\/12\/PORTADA-ARTICULO-1-300x169.png 300w, https:\/\/cygproyectos.cl\/wp-content\/uploads\/2025\/12\/PORTADA-ARTICULO-1-1030x579.png 1030w, https:\/\/cygproyectos.cl\/wp-content\/uploads\/2025\/12\/PORTADA-ARTICULO-1-768x432.png 768w, https:\/\/cygproyectos.cl\/wp-content\/uploads\/2025\/12\/PORTADA-ARTICULO-1-1536x864.png 1536w\" sizes=\"(max-width: 1920px) 100vw, 1920px\" \/><\/div><\/a>\n\t\t\t\t<div class=\"elementor-post__text\">\n\t\t\t\t<h4 class=\"elementor-post__title\">\n\t\t\t<a href=\"https:\/\/cygproyectos.cl\/index.php\/2025\/12\/16\/gestion-inteligente-el-verdadero-ahorro-en-obras-inmobiliarias\/\" >\n\t\t\t\tGesti\u00f3n inteligente: el verdadero ahorro en obras inmobiliarias\t\t\t<\/a>\n\t\t<\/h4>\n\t\t\t\t<div class=\"elementor-post__excerpt\">\n\t\t\t<p>En el rubro inmobiliario, casi todos hablan de optimizar costos, pero pocos entienden que el ahorro real no est\u00e1 en recortar materiales ni reducir personal:el ahorro est\u00e1 en la gesti\u00f3n t\u00e9cnica. La gran mayor\u00eda de las p\u00e9rdidas en un proyecto no provienen de comprar \u201cm\u00e1s caro\u201d, sino de errores evitables,<\/p>\n\t\t<\/div>\n\t\t\n\t\t<a class=\"elementor-post__read-more\" href=\"https:\/\/cygproyectos.cl\/index.php\/2025\/12\/16\/gestion-inteligente-el-verdadero-ahorro-en-obras-inmobiliarias\/\" aria-label=\"Read more about Gesti\u00f3n inteligente: el verdadero ahorro en obras inmobiliarias\" tabindex=\"-1\" >\n\t\t\tVer m\u00e1s\t\t<\/a>\n\n\t\t\t\t<\/div>\n\t\t\t\t\t<\/div>\n\t\t<\/article>\n\t\t\t\t<article class=\"elementor-post elementor-grid-item post-1 post type-post status-publish format-standard has-post-thumbnail hentry category-uncategorized\" role=\"listitem\">\n\t\t\t<div class=\"elementor-post__card\">\n\t\t\t\t<a class=\"elementor-post__thumbnail__link\" href=\"https:\/\/cygproyectos.cl\/index.php\/2024\/10\/25\/hello-world\/\" tabindex=\"-1\" ><div class=\"elementor-post__thumbnail\"><img loading=\"lazy\" decoding=\"async\" width=\"1920\" height=\"1080\" src=\"https:\/\/cygproyectos.cl\/wp-content\/uploads\/2024\/10\/portada-articulo-1.png\" class=\"attachment-full size-full wp-image-1163\" alt=\"\" srcset=\"https:\/\/cygproyectos.cl\/wp-content\/uploads\/2024\/10\/portada-articulo-1.png 1920w, https:\/\/cygproyectos.cl\/wp-content\/uploads\/2024\/10\/portada-articulo-1-300x169.png 300w, https:\/\/cygproyectos.cl\/wp-content\/uploads\/2024\/10\/portada-articulo-1-1030x579.png 1030w, https:\/\/cygproyectos.cl\/wp-content\/uploads\/2024\/10\/portada-articulo-1-768x432.png 768w, https:\/\/cygproyectos.cl\/wp-content\/uploads\/2024\/10\/portada-articulo-1-1536x864.png 1536w\" sizes=\"(max-width: 1920px) 100vw, 1920px\" \/><\/div><\/a>\n\t\t\t\t<div class=\"elementor-post__text\">\n\t\t\t\t<h4 class=\"elementor-post__title\">\n\t\t\t<a href=\"https:\/\/cygproyectos.cl\/index.php\/2024\/10\/25\/hello-world\/\" >\n\t\t\t\tInspecci\u00f3n T\u00e9cnica: M\u00e1s que supervisi\u00f3n, una estrategia de optimizaci\u00f3n\t\t\t<\/a>\n\t\t<\/h4>\n\t\t\t\t<div class=\"elementor-post__excerpt\">\n\t\t\t<p>En el mundo de la construcci\u00f3n, la Inspecci\u00f3n T\u00e9cnica de Obras (ITO) suele asociarse con la supervisi\u00f3n y el control. Pero, \u00bfy si te dijera que su verdadero potencial va mucho m\u00e1s all\u00e1? Hoy en d\u00eda, un enfoque estrat\u00e9gico en la inspecci\u00f3n t\u00e9cnica no solo garantiza el cumplimiento de normativas,<\/p>\n\t\t<\/div>\n\t\t\n\t\t<a class=\"elementor-post__read-more\" href=\"https:\/\/cygproyectos.cl\/index.php\/2024\/10\/25\/hello-world\/\" aria-label=\"Read more about Inspecci\u00f3n T\u00e9cnica: M\u00e1s que supervisi\u00f3n, una estrategia de optimizaci\u00f3n\" tabindex=\"-1\" >\n\t\t\tVer m\u00e1s\t\t<\/a>\n\n\t\t\t\t<\/div>\n\t\t\t\t\t<\/div>\n\t\t<\/article>\n\t\t\t\t<article class=\"elementor-post elementor-grid-item post-66 post type-post status-publish format-standard has-post-thumbnail hentry category-uncategorized\" role=\"listitem\">\n\t\t\t<div class=\"elementor-post__card\">\n\t\t\t\t<a class=\"elementor-post__thumbnail__link\" href=\"https:\/\/cygproyectos.cl\/index.php\/2014\/08\/24\/a-nice-entry\/\" tabindex=\"-1\" ><div class=\"elementor-post__thumbnail\"><img loading=\"lazy\" decoding=\"async\" width=\"1920\" height=\"1080\" src=\"https:\/\/cygproyectos.cl\/wp-content\/uploads\/2024\/10\/portada-articulo-2.png\" class=\"attachment-full size-full wp-image-1165\" alt=\"\" srcset=\"https:\/\/cygproyectos.cl\/wp-content\/uploads\/2024\/10\/portada-articulo-2.png 1920w, https:\/\/cygproyectos.cl\/wp-content\/uploads\/2024\/10\/portada-articulo-2-300x169.png 300w, https:\/\/cygproyectos.cl\/wp-content\/uploads\/2024\/10\/portada-articulo-2-1030x579.png 1030w, https:\/\/cygproyectos.cl\/wp-content\/uploads\/2024\/10\/portada-articulo-2-768x432.png 768w, https:\/\/cygproyectos.cl\/wp-content\/uploads\/2024\/10\/portada-articulo-2-1536x864.png 1536w\" sizes=\"(max-width: 1920px) 100vw, 1920px\" \/><\/div><\/a>\n\t\t\t\t<div class=\"elementor-post__text\">\n\t\t\t\t<h4 class=\"elementor-post__title\">\n\t\t\t<a href=\"https:\/\/cygproyectos.cl\/index.php\/2014\/08\/24\/a-nice-entry\/\" >\n\t\t\t\tTransforma la Gesti\u00f3n de Proyectos con IT + O Tecnolog\u00eda en Obra\t\t\t<\/a>\n\t\t<\/h4>\n\t\t\t\t<div class=\"elementor-post__excerpt\">\n\t\t\t<p>\u00bfAlguna vez has sentido que la gesti\u00f3n de un proyecto de construcci\u00f3n se vuelve un laberinto de documentos, plazos e informaci\u00f3n financiera? IT + O Tecnolog\u00eda en Obra llega como una soluci\u00f3n integral para simplificar y optimizar cada etapa de tus proyectos. \u00bfQu\u00e9 es IT + O? Es una plataforma<\/p>\n\t\t<\/div>\n\t\t\n\t\t<a class=\"elementor-post__read-more\" href=\"https:\/\/cygproyectos.cl\/index.php\/2014\/08\/24\/a-nice-entry\/\" aria-label=\"Read more about Transforma la Gesti\u00f3n de Proyectos con IT + O Tecnolog\u00eda en Obra\" tabindex=\"-1\" >\n\t\t\tVer m\u00e1s\t\t<\/a>\n\n\t\t\t\t<\/div>\n\t\t\t\t\t<\/div>\n\t\t<\/article>\n\t\t\t\t<article class=\"elementor-post elementor-grid-item post-51 post type-post status-publish format-audio has-post-thumbnail hentry category-uncategorized post_format-post-format-audio\" role=\"listitem\">\n\t\t\t<div class=\"elementor-post__card\">\n\t\t\t\t<a class=\"elementor-post__thumbnail__link\" href=\"https:\/\/cygproyectos.cl\/index.php\/2014\/05\/11\/entry-with-audio\/\" tabindex=\"-1\" ><div class=\"elementor-post__thumbnail\"><img loading=\"lazy\" decoding=\"async\" width=\"1920\" height=\"1080\" src=\"https:\/\/cygproyectos.cl\/wp-content\/uploads\/2024\/10\/articulo-bim.png\" class=\"attachment-full size-full wp-image-1166\" alt=\"\" srcset=\"https:\/\/cygproyectos.cl\/wp-content\/uploads\/2024\/10\/articulo-bim.png 1920w, https:\/\/cygproyectos.cl\/wp-content\/uploads\/2024\/10\/articulo-bim-300x169.png 300w, https:\/\/cygproyectos.cl\/wp-content\/uploads\/2024\/10\/articulo-bim-1030x579.png 1030w, https:\/\/cygproyectos.cl\/wp-content\/uploads\/2024\/10\/articulo-bim-768x432.png 768w, https:\/\/cygproyectos.cl\/wp-content\/uploads\/2024\/10\/articulo-bim-1536x864.png 1536w\" sizes=\"(max-width: 1920px) 100vw, 1920px\" \/><\/div><\/a>\n\t\t\t\t<div class=\"elementor-post__text\">\n\t\t\t\t<h4 class=\"elementor-post__title\">\n\t\t\t<a href=\"https:\/\/cygproyectos.cl\/index.php\/2014\/05\/11\/entry-with-audio\/\" >\n\t\t\t\tC\u00f3mo nuestros servicios BIM revolucionan la gesti\u00f3n de proyectos de construcci\u00f3n\t\t\t<\/a>\n\t\t<\/h4>\n\t\t\t\t<div class=\"elementor-post__excerpt\">\n\t\t\t<p>El sector de la construcci\u00f3n enfrenta desaf\u00edos constantes: retrasos, sobrecostos, errores de coordinaci\u00f3n y desperdicio de recursos. En un mundo donde la eficiencia es clave, las empresas necesitan herramientas que les permitan optimizar sus procesos y minimizar riesgos. Aqu\u00ed es donde entra en juego BIM (Building Information Modeling), una metodolog\u00eda<\/p>\n\t\t<\/div>\n\t\t\n\t\t<a class=\"elementor-post__read-more\" href=\"https:\/\/cygproyectos.cl\/index.php\/2014\/05\/11\/entry-with-audio\/\" aria-label=\"Read more about C\u00f3mo nuestros servicios BIM revolucionan la gesti\u00f3n de proyectos de construcci\u00f3n\" tabindex=\"-1\" >\n\t\t\tVer m\u00e1s\t\t<\/a>\n\n\t\t\t\t<\/div>\n\t\t\t\t\t<\/div>\n\t\t<\/article>\n\t\t\t\t<\/div>\n\t\t\n\t\t\t\t\t\t<\/div>\n\t\t\t\t<\/div>\n\t\t\t\t\t<\/div>\n\t\t\t\t<\/div>\n\t\t<div class=\"elementor-element elementor-element-b59212d e-flex e-con-boxed e-con e-parent\" data-id=\"b59212d\" data-element_type=\"container\" data-settings=\"{&quot;background_background&quot;:&quot;classic&quot;}\">\n\t\t\t\t\t<div class=\"e-con-inner\">\n\t\t\t\t<div class=\"elementor-element elementor-element-452355d elementor-invisible elementor-widget elementor-widget-heading\" data-id=\"452355d\" data-element_type=\"widget\" data-settings=\"{&quot;_animation&quot;:&quot;zoomIn&quot;}\" data-widget_type=\"heading.default\">\n\t\t\t\t<div class=\"elementor-widget-container\">\n\t\t\t\t\t<h1 class=\"elementor-heading-title elementor-size-default\">\u00a1Mantente al tanto de cada avance!<\/h1>\t\t\t\t<\/div>\n\t\t\t\t<\/div>\n\t\t\t\t<div class=\"elementor-element elementor-element-04943da elementor-widget elementor-widget-text-editor\" data-id=\"04943da\" data-element_type=\"widget\" data-widget_type=\"text-editor.default\">\n\t\t\t\t<div class=\"elementor-widget-container\">\n\t\t\t\t\t\t\t\t\t<p>Suscr\u00edbete a nuestro newsletter y recibe directamente en tu correo las \u00faltimas novedades, consejos y actualizaciones sobre gesti\u00f3n y \u00e9xito en proyectos de construcci\u00f3n.<\/p>\t\t\t\t\t\t\t\t<\/div>\n\t\t\t\t<\/div>\n\t\t\t\t<div class=\"elementor-element elementor-element-b3608cc elementor-button-align-end elementor-widget__width-inherit elementor-invisible elementor-widget elementor-widget-form\" data-id=\"b3608cc\" data-element_type=\"widget\" data-settings=\"{&quot;step_next_label&quot;:&quot;Next&quot;,&quot;step_previous_label&quot;:&quot;Previous&quot;,&quot;_animation&quot;:&quot;fadeIn&quot;,&quot;step_type&quot;:&quot;number_text&quot;,&quot;step_icon_shape&quot;:&quot;circle&quot;}\" data-widget_type=\"form.default\">\n\t\t\t\t<div class=\"elementor-widget-container\">\n\t\t\t\t\t\t\t<form class=\"elementor-form\" method=\"post\" name=\"Newsletter\" aria-label=\"Newsletter\">\n\t\t\t<input type=\"hidden\" name=\"post_id\" value=\"1181\"\/>\n\t\t\t<input type=\"hidden\" name=\"form_id\" value=\"b3608cc\"\/>\n\t\t\t<input type=\"hidden\" name=\"referer_title\" value=\"BLOG\" \/>\n\n\t\t\t\t\t\t\t<input type=\"hidden\" name=\"queried_id\" value=\"1181\"\/>\n\t\t\t\n\t\t\t<div class=\"elementor-form-fields-wrapper elementor-labels-above\">\n\t\t\t\t\t\t\t\t<div class=\"elementor-field-type-text elementor-field-group elementor-column elementor-field-group-name elementor-col-50\">\n\t\t\t\t\t\t\t\t\t\t\t\t\t<input size=\"1\" type=\"text\" name=\"form_fields[name]\" id=\"form-field-name\" class=\"elementor-field elementor-size-sm  elementor-field-textual\" placeholder=\"Nombre\">\n\t\t\t\t\t\t\t\t\t\t\t<\/div>\n\t\t\t\t\t\t\t\t<div class=\"elementor-field-type-email elementor-field-group elementor-column elementor-field-group-field_0b09838 elementor-col-50\">\n\t\t\t\t\t\t\t\t\t\t\t\t\t<input size=\"1\" type=\"email\" name=\"form_fields[field_0b09838]\" id=\"form-field-field_0b09838\" class=\"elementor-field elementor-size-sm  elementor-field-textual\" placeholder=\"Email\">\n\t\t\t\t\t\t\t\t\t\t\t<\/div>\n\t\t\t\t\t\t\t\t<div class=\"elementor-field-group elementor-column elementor-field-type-submit elementor-col-100 e-form__buttons\">\n\t\t\t\t\t<button class=\"elementor-button elementor-size-sm\" type=\"submit\">\n\t\t\t\t\t\t<span class=\"elementor-button-content-wrapper\">\n\t\t\t\t\t\t\t\t\t\t\t\t\t\t\t\t\t\t\t\t\t\t<span class=\"elementor-button-text\">Enviar<\/span>\n\t\t\t\t\t\t\t\t\t\t\t\t\t<\/span>\n\t\t\t\t\t<\/button>\n\t\t\t\t<\/div>\n\t\t\t<\/div>\n\t\t<\/form>\n\t\t\t\t\t\t<\/div>\n\t\t\t\t<\/div>\n\t\t\t\t\t<\/div>\n\t\t\t\t<\/div>\n\t\t\t\t<\/div>\n\t\t","protected":false},"excerpt":{"rendered":"<p>BLOG Ent\u00e9rate de las \u00faltimas novedades, consejos y actualizaciones sobre gesti\u00f3n y \u00e9xito en proyectos de construcci\u00f3n. \u00a1Mantente al tanto [&hellip;]<\/p>\n","protected":false},"author":1,"featured_media":0,"parent":0,"menu_order":0,"comment_status":"closed","ping_status":"closed","template":"","meta":{"site-sidebar-layout":"no-sidebar","site-content-layout":"","ast-site-content-layout":"full-width-container","site-content-style":"default","site-sidebar-style":"default","ast-global-header-display":"","ast-banner-title-visibility":"","ast-main-header-display":"","ast-hfb-above-header-display":"","ast-hfb-below-header-display":"","ast-hfb-mobile-header-display":"","site-post-title":"disabled","ast-breadcrumbs-content":"","ast-featured-img":"disabled","footer-sml-layout":"","theme-transparent-header-meta":"","adv-header-id-meta":"","stick-header-meta":"","header-above-stick-meta":"","header-main-stick-meta":"","header-below-stick-meta":"","astra-migrate-meta-layouts":"default","ast-page-background-enabled":"default","ast-page-background-meta":{"desktop":{"background-color":"var(--ast-global-color-4)","background-image":"","background-repeat":"repeat","background-position":"center center","background-size":"auto","background-attachment":"scroll","background-type":"","background-media":"","overlay-type":"","overlay-color":"","overlay-opacity":"","overlay-gradient":""},"tablet":{"background-color":"","background-image":"","background-repeat":"repeat","background-position":"center center","background-size":"auto","background-attachment":"scroll","background-type":"","background-media":"","overlay-type":"","overlay-color":"","overlay-opacity":"","overlay-gradient":""},"mobile":{"background-color":"","background-image":"","background-repeat":"repeat","background-position":"center center","background-size":"auto","background-attachment":"scroll","background-type":"","background-media":"","overlay-type":"","overlay-color":"","overlay-opacity":"","overlay-gradient":""}},"ast-content-background-meta":{"desktop":{"background-color":"var(--ast-global-color-5)","background-image":"","background-repeat":"repeat","background-position":"center center","background-size":"auto","background-attachment":"scroll","background-type":"","background-media":"","overlay-type":"","overlay-color":"","overlay-opacity":"","overlay-gradient":""},"tablet":{"background-color":"var(--ast-global-color-5)","background-image":"","background-repeat":"repeat","background-position":"center center","background-size":"auto","background-attachment":"scroll","background-type":"","background-media":"","overlay-type":"","overlay-color":"","overlay-opacity":"","overlay-gradient":""},"mobile":{"background-color":"var(--ast-global-color-5)","background-image":"","background-repeat":"repeat","background-position":"center center","background-size":"auto","background-attachment":"scroll","background-type":"","background-media":"","overlay-type":"","overlay-color":"","overlay-opacity":"","overlay-gradient":""}},"footnotes":""},"class_list":["post-1181","page","type-page","status-publish","hentry"],"_links":{"self":[{"href":"https:\/\/cygproyectos.cl\/index.php\/wp-json\/wp\/v2\/pages\/1181","targetHints":{"allow":["GET"]}}],"collection":[{"href":"https:\/\/cygproyectos.cl\/index.php\/wp-json\/wp\/v2\/pages"}],"about":[{"href":"https:\/\/cygproyectos.cl\/index.php\/wp-json\/wp\/v2\/types\/page"}],"author":[{"embeddable":true,"href":"https:\/\/cygproyectos.cl\/index.php\/wp-json\/wp\/v2\/users\/1"}],"replies":[{"embeddable":true,"href":"https:\/\/cygproyectos.cl\/index.php\/wp-json\/wp\/v2\/comments?post=1181"}],"version-history":[{"count":10,"href":"https:\/\/cygproyectos.cl\/index.php\/wp-json\/wp\/v2\/pages\/1181\/revisions"}],"predecessor-version":[{"id":1192,"href":"https:\/\/cygproyectos.cl\/index.php\/wp-json\/wp\/v2\/pages\/1181\/revisions\/1192"}],"wp:attachment":[{"href":"https:\/\/cygproyectos.cl\/index.php\/wp-json\/wp\/v2\/media?parent=1181"}],"curies":[{"name":"wp","href":"https:\/\/api.w.org\/{rel}","templated":true}]}}